47.
7, 11, 4211
What are the prime factors of 13820703?
3, 13, 354377
What are the prime factors of 3613060?
2, 5, 11, 1493
What are the prime factors of 3394335?
3, 5, 7, 32327
List the prime factors of 1594274.
2, 11, 72467
What are the prime factors of 9304377?
3, 3101459
What are the prime factors of 1310978?
2, 655489
List the prime factors of 2079364.
2, 7, 103
What are the prime factors of 210313?
43, 67, 73
What are the prime factors of 3796495?
5, 23, 33013
List the prime factors of 96085.
5, 11, 1747
What are the prime factors of 9529729?
11, 797, 1087
What are the prime factors of 19557901?
11, 53, 33547
List the prime factors of 915703.
915703
What are the prime factors of 4493996?
2, 13, 86423
List the prime factors of 4559794.
2, 2279897
List the prime factors of 8640667.
7, 829, 1489
List the prime factors of 364973.
7, 17, 3067
List the prime factors of 6051080.
2, 5, 7, 21611
What are the prime factors of 72132?
2, 3, 6011
List the prime factors of 114345.
3, 5, 7, 11
List the prime factors of 11834.
2, 61, 97
What are the prime factors of 5465373?
3, 1821791
What are the prime factors of 17769385?
5, 3553877
What are the prime factors of 708690?
2, 3, 5, 23623
What are the prime factors of 222521?
13, 17117
List the prime factors of 2671580.
2, 5, 31, 139
What are the prime factors of 239866?
2, 11, 10903
List the prime factors of 1105638.
2, 3, 184273
What are the prime factors of 9673293?
3, 7, 460633
List the prime factors of 5171802.
2, 3, 29, 29723
What are the prime factors of 360358?
2, 180179
What are the prime factors of 14563524?
2, 3, 1213627
What are the prime factors of 145084?
2, 19, 23, 83
List the prime factors of 177917.
177917
What are the prime factors of 498701?
7, 191, 373
What are the prime factors of 3821312?
2, 11, 23, 59
List the prime factors of 139113.
3, 13, 29, 41
What are the prime factors of 199189?
17, 11717
What are the prime factors of 46285?
5, 9257
What are the prime factors of 151991?
7, 21713
What are the prime factors of 2232287?
17, 131311
List the prime factors of 5601516.
2, 3, 577, 809
List the prime factors of 467633.
467633
List the prime factors of 2323642.
2, 349, 3329
What are the prime factors of 65165?
5, 13033
What are the prime factors of 6708019?
23, 29, 89, 113
List the prime factors of 9738262.
2, 4869131
List the prime factors of 6899712.
2, 3, 1123
What are the prime factors of 480737?
480737
What are the prime factors of 26386?
2, 79, 167
List the prime factors of 879371.
879371
List the prime factors of 1450060.
2, 5, 72503
What are the prime factors of 1521504?
2, 3, 587
List the prime factors of 729864.
2, 3, 31, 109
What are the prime factors of 2520446?
2, 1260223
List the prime factors of 108948.
2, 3, 7, 1297
What are the prime factors of 3758500?
2, 5, 7517
List the prime factors of 3677300.
2, 5, 11, 3343
What are the prime factors of 2601735?
3, 5, 29, 5981
What are the prime factors of 9322787?
19, 43, 11411
What are the prime factors of 6336407?
7, 11, 7481
List the prime factors of 22000801.
22000801
What are the prime factors of 34559?
7, 4937
List the prime factors of 8410840.
2, 5, 37, 5683
What are the prime factors of 741480?
2, 3, 5, 37, 167
What are the prime factors of 6230125?
5, 11, 23, 197
List the prime factors of 17271.
3, 19, 101
What are the prime factors of 108132?
2, 3, 9011
What are the prime factors of 276378?
2, 3, 73, 631
List the prime factors of 304623.
3, 11, 17, 181
What are the prime factors of 874718?
2, 13, 17, 1979
List the prime factors of 14689844.
2, 13, 101, 2797
List the prime factors of 890892.
2, 3, 73, 113
List the prime factors of 184091.
19, 9689
What are the prime factors of 3650608?
2, 13, 17551
List the prime factors of 6199564.
2, 7, 221413
What are the prime factors of 285901?
7, 11, 47, 79
List the prime factors of 125293.
7, 2557
List the prime factors of 15510658.
2, 47, 157, 1051
List the prime factors of 467686.
2, 379, 617
List the prime factors of 10343936.
2, 89, 227
List the prime factors of 903642.
2, 3, 150607
What are the prime factors of 1408228?
2, 352057
What are the prime factors of 155770?
2, 5, 37, 421
List the prime factors of 2234980.
2, 5, 11, 10159
What are the prime factors of 5903622?
2, 3, 327979
What are the prime factors of 24882?
2, 3, 11, 13, 29
List the prime factors of 863214.
2, 3, 11, 29, 41
What are the prime factors of 1410809?
1410809
List the prime factors of 796465.
5, 159293
List the prime factors of 656692.
2, 164173
What are the prime factors of 32991880?
2, 5, 41, 20117
List the prime factors of 60910.
2, 5, 6091
List the prime factors of 242936.
2, 30367
What are the prime factors of 159618?
2, 3, 37, 719
List the prime factors of 1993102.
2, 996551
List the prime factors of 310191.
3, 7, 14771
What are the prime factors of 1905137?
13, 11273
List the prime factors of 59254.
2, 13, 43, 53
What are the prime factors of 619168?
2, 11, 1759
What are the prime factors of 220784?
2, 13799
List the prime factors of 3011291.
19, 158489
What are the prime factors of 600040?
2, 5, 7, 2143
What are the prime factors of 21227535?
3, 5, 7, 3209
What are the prime factors of 2996824?
2, 374603
What are the prime factors of 5069905?
5, 223, 4547
List the prime factors of 1086998.
2, 11, 49409
What are the prime factors of 8280848?
2, 517553
List the prime factors of 4870406.
2, 2435203
What are the prime factors of 391985?
5, 11, 7127
List the prime factors of 1387096.
2, 83, 2089
List the prime factors of 5141889.
3, 571321
List the prime factors of 1565259.
3, 521753
What are the prime factors of 186871?
186871
List the prime factors of 2718439.
23, 181, 653
What are the prime factors of 687805?
5, 151, 911
What are the prime factors of 280992?
2, 3, 2927
List the prime factors of 3726228.
2, 3, 11, 28229
What are the prime factors of 56079?
3, 31, 67
List the prime factors of 12157865.
5, 2431573
What are the prime factors of 42578?
2, 61, 349
What are the prime factors of 841790?
2, 5, 84179
What are the prime factors of 138017?
11, 12547
What are the prime factors of 1053599?
29, 47, 773
List the prime factors of 1186863.
3, 395621
List the prime factors of 356849.
53, 6733
What are the prime factors of 862371?
3, 95819
What are the prime factors of 11310471?
3, 67, 18757
What are the prime factors of 15420613?
13, 167, 7103
List the prime factors of 36153956.
2, 149, 60661
List the prime factors of 3866759.
13, 37, 8039
List the prime factors of 1506191.
1506191
List the prime factors of 6598007.
13, 41, 12379
What are the prime factors of 234888?
2, 3, 9787
List the prime factors of 1501030.
2, 5, 367, 409
List the prime factors of 516564.
2, 3, 4783
What are the prime factors of 1835944?
2, 11, 31, 673
List the prime factors of 960107.
59, 16273
List the prime factors of 6727368.
2, 3, 19, 14753
List the prime factors of 1024901.
1024901
List the prime factors of 220562.
2, 110281
List the prime factors of 1756837.
1756837
List the prime factors of 1079366.
2, 41, 13163
What are the prime factors of 2647756?
2, 661939
List the prime factors of 41041.
7, 11, 13, 41
List the prime factors of 7746173.
7746173
What are the prime factors of 4932551?
13, 53, 7159
What are the prime factors of 1557758?
2, 778879
List the prime factors of 5509994.
2, 7, 393571
List the prime factors of 1542759.
3, 71, 7243
What are the prime factors of 1321781?
47, 28123
What are the prime factors of 1560880?
2, 5, 109, 179
List the prime factors of 325226.
2, 11, 14783
What are the prime factors of 6547034?
2, 13, 251809
What are the prime factors of 4966079?
131, 167, 227
What are the prime factors of 639084?
2, 3, 19, 2803
What are the prime factors of 1358769?
3, 452923
List the prime factors of 609959.
7, 79, 1103
What are the prime factors of 3874054?
2, 1937027
List the prime factors of 281308.
2, 70327
List the prime factors of 115852.
2, 11, 2633
What are the prime factors of 5003622?
2, 3, 13, 21383
List the prime factors of 2912500.
2, 5, 233
What are the prime factors of 892441?
11, 81131
What are the prime factors of 2168258?
2, 337, 3217
List the prime factors of 1107111.
3, 19, 19423
What are the prime factors of 609486?
2, 3, 101581
What are the prime factors of 8491254?
2, 3, 269